a factor of 17145?
True
Does 21 divide 2352?
True
Is 48 a factor of 24384?
True
Is 12 a factor of 2889?
False
Is 8 a factor of 5324?
False
Is 214 a multiple of 5?
False
Is 27 a factor of 837?
True
Is 6556 a multiple of 4?
True
Is 11 a factor of 979?
True
Is 44 a factor of 616?
True
Is 12 a factor of 5112?
True
Does 66 divide 11946?
True
Is 63720 a multiple of 472?
True
Does 6 divide 7746?
True
Is 672 a multiple of 16?
True
Is 5229 a multiple of 9?
True
Is 17 a factor of 340?
True
Is 20 a factor of 1380?
True
Does 37 divide 2072?
True
Does 41 divide 293?
False
Is 190 a factor of 6270?
True
Does 84 divide 840?
True
Is 573 even?
False
Is 75 a factor of 1125?
True
Is 51 a factor of 22489?
False
Does 65 divide 1105?
True
Is 13 a factor of 611?
True
Is 564 a multiple of 3?
True
Is 229 a factor of 59998?
True
Is 528 a multiple of 11?
True
Is 61 a factor of 18239?
True
Does 182 divide 2912?
True
Is 15 a factor of 7215?
True
Does 35 divide 2969?
False
Does 36 divide 343?
False
Is 11 a factor of 6050?
True
Is 11 a factor of 583?
True
Does 38 divide 1413?
False
Does 10 divide 508?
False
Is 2867 a multiple of 66?
False
Is 13671 a multiple of 50?
False
Is 57 a factor of 13708?
False
Is 8 a factor of 215?
False
Does 70 divide 25970?
True
Does 4 divide 301?
False
Does 8 divide 4696?
True
Does 8 divide 536?
True
Is 32 a factor of 41462?
False
Does 21 divide 714?
True
Does 52 divide 28356?
False
Is 14 a factor of 11897?
False
Does 112 divide 44912?
True
Does 149 divide 8770?
False
Is 48 a factor of 495?
False
Does 21 divide 7990?
False
Is 13 a factor of 4619?
False
Does 33 divide 3432?
True
Is 38 a factor of 71820?
True
Does 38 divide 7372?
True
Does 55 divide 3113?
False
Does 31 divide 2655?
False
Does 39 divide 187?
False
Is 600 a multiple of 60?
True
Is 2192 a multiple of 24?
False
Does 106 divide 1843?
False
Is 3768 a multiple of 12?
True
Is 532 a multiple of 24?
False
Is 8 a factor of 320?
True
Is 132 a factor of 35508?
True
Is 34040 a multiple of 230?
True
Does 8 divide 12148?
False
Is 8 a factor of 11409?
False
Is 465 a multiple of 43?
False
Is 10 a factor of 4827?
False
Is 615 a multiple of 3?
True
Is 123 a multiple of 3?
True
Is 40 a factor of 5240?
True
Is 50 a factor of 37700?
True
Is 26 a factor of 26?
True
Is 560 a multiple of 20?
True
Is 21688 a multiple of 4?
True
Is 4033 a multiple of 15?
False
Does 10 divide 5747?
False
Is 227 a multiple of 2?
False
Is 10503 a multiple of 9?
True
Is 432 a multiple of 24?
True
Is 6855 a multiple of 28?
False
Does 16 divide 2487?
False
Is 1479 a multiple of 87?
True
Is 68 a factor of 20364?
False
Does 27 divide 486?
True
Is 28 a factor of 2937?
False
Does 31 divide 121?
False
Does 69 divide 3458?
False
Is 1803 a multiple of 19?
False
Is 10 a factor of 7330?
True
Does 60 divide 30300?
True
Does 69 divide 608?
False
Is 211 a factor of 37382?
False
Is 16885 a multiple of 11?
True
Is 17 a factor of 1719?
False
Is 6150 a multiple of 10?
True
Is 930 a multiple of 3?
True
Is 47 a factor of 2726?
True
Is 10 a factor of 17600?
True
Does 21 divide 4347?
True
Is 99 a factor of 20067?
False
Is 27 a factor of 18468?
True
Is 2 a factor of 77?
False
Is 18784 a multiple of 214?
False
Is 17 a factor of 74154?
True
Is 3638 a multiple of 6?
False
Is 117 a factor of 1989?
True
Is 24 a factor of 562?
False
Is 211 a multiple of 12?
False
Does 26 divide 1968?
False
Is 58 a multiple of 24?
False
Is 32 a factor of 12037?
False
Is 66 a factor of 1004?
False
Does 7 divide 288?
False
Is 7280 a multiple of 9?
False
Does 3 divide 156?
True
Does 205 divide 80360?
True
Does 42 divide 9870?
True
Is 166 a multiple of 8?
False
Is 780 a multiple of 10?
True
Is 14 a factor of 756?
True
Is 34 a factor of 2464?
False
Is 218 a multiple of 40?
False
Is 579 even?
False
Is 23 a factor of 162?
False
Is 18 a factor of 245?
False
Is 133 a multiple of 41?
False
Is 17548 a multiple of 42?
False
Is 1890 a multiple of 42?
True
Is 2375 a multiple of 27?
False
Does 134 divide 8697?
False
Does 197 divide 38771?
False
Is 1734 a multiple of 12?
False
Does 13 divide 3008?
False
Is 85 a factor of 28642?
False
Does 75 divide 170645?
False
Is 55 a factor of 330?
True
Is 22 a factor of 132?
True
Does 18 divide 56208?
False
Is 5 a factor of 2015?
True
Is 49 a factor of 814?
False
Is 22 a factor of 4409?
False
Is 146998 a multiple of 17?
False
Is 136 a factor of 26656?
True
Does 26 divide 390?
True
Is 27 a factor of 109836?
True
Is 2200 a multiple of 87?
False
Is 7308 a multiple of 18?
True
Is 7916 a multiple of 19?
False
Does 33 divide 1386?
True
Does 10 divide 140?
True
Is 101 a factor of 17170?
True
Does 159 divide 45474?
True
Is 47 a factor of 10105?
True
Is 36 a factor of 1392?
False
Does 30 divide 8520?
True
Is 1317 a multiple of 25?
False
Is 11 a factor of 6369?
True
Is 2712 a multiple of 23?
False
Is 61974 a multiple of 63?
False
Is 21 a factor of 127?
False
Is 5212 a multiple of 47?
False
Is 64 a factor of 5312?
True
Is 189 a multiple of 7?
True
Is 125 a factor of 13250?
True
Is 5208 a multiple of 62?
True
Does 26 divide 780?
True
Does 4 divide 596?
True
Does 6 divide 3708?
True
Does 99 divide 20114?
False
Does 53 divide 7314?
True
Is 9 a factor of 486?
True
Does 9 divide 666?
True
Is 1437 a multiple of 93?
False
Is 3641 a multiple of 11?
True
Is 183 a multiple of 110?
False
Is 53220 a multiple of 60?
True
Does 3 divide 1587?
True
Is 20 a factor of 3065?
False
Does 10 divide 590?
True
Is 44 a factor of 352?
True
Is 52 a multiple of 2?
True
Is 13536 a multiple of 94?
True
Does 10 divide 9425?
False
Does 11 divide 7690?
False
Is 111901 a multiple of 17?
False
Is 46 a factor of 14157?
False
Is 42165 a multiple of 9?
True
Does 39 divide 11466?
True
Is 5443 a multiple of 5?
False
Is 4422 a multiple of 81?
False
Is 33 a multiple of 2?
False
Is 5110 a multiple of 10?
True
Does 122 divide 9836?
False
Is 416 a multiple of 26?
True
Is 19 a factor of 2196?
False
Is 304 a factor of 42864?
True
Is 9 a factor of 513?
True
Is 1710 a multiple of 38?
True
Is 16 a factor of 10384?
True
Is 8761 a multiple of 7?
False
Is 3 a factor of 2223?
True
Is 9 a factor of 5841?
True
Does 51 divide 153569?
False
Does 13 divide 195?
True
Is 12448 a multiple of 52?
False
Is 67 a factor of 5207?
False
Is 13 a factor of 4355?
True
Is 38 a factor of 1630?
False
Is 34 a factor of 9622?
True
Does 82 divide 6478?
True
Does 10 divide 10800?
True
Is 35178 a multiple of 82?
True
Is 68 a factor of 59364?
True
Does 2 divide 666?
True
Does 9 divide 414?
True
Does 31 divide 8556?
True
Is 13 a factor of 27677?
True
Is 4191 a multiple of 91?
False
Is 1188 a multiple of 27?
True
Is 425 a multiple of 17?
True
Is 22 a factor of 550?
True
Is 123 a factor of 28413?
True
Is 69 a factor of 483?
True
Is 6449 a multiple of 176?
False
Does 30 divide 2582?
False
Is 1360 a multiple of 68?
True
Does 64 divide 10766?
False
Is 5792 a multiple of 155?
False
Is 6 a factor of 1581?
False
Is 9963 a multiple of 27?
True
Does 5 divide 1205?
True
Is 21 a factor of 651?
True
Is 1056 a multiple of 22?
True
Does 78 divide 14226?
False
Is 16 a factor of 610?
False
Does 149 divide 10430?
True
Is 5 a factor of 100?
True
Is 6 a factor of 91?
False
Is 121 a factor of 35211?
True
Does 72 divide 3017?
False
Is 21862 a multiple of 232?
False
Is 13926 a multiple of 11?
True
Is 4809 a multiple of 11?
False
Is 3391 a multiple of 12?
False
Is 15 a factor of 959?
False
Does 2 divide 17?
False
Is 17066 a multiple of 14?
True
Does 15 divide 37245?
True
Does 47 divide 4084?
False
Is 23124 a multiple of 13?
False
Is 16 a factor of 157?
False
Does 28 divide 308?
True
Does 15 divide 59058?
False
Is 3825 a multiple of 75?
True
Is 3 a factor of 2220?
True
Is 4623 a multiple of 69?
True
Is 3360 a multiple of 30?
True
Does 16 divide 31056?
True
Is 416 a factor of 39104?
True
Does 6 divide 4776?
True
Is 1720 a multiple of 10?
True
Is 310 a multiple of 59?
False
Is 530 a multiple of 2?
True
Is 71566 a multiple of 10?
False
Is 472 a multiple of 59?
True
Is 288 a multiple of 4?
True
Is 358 a multiple of 6?
False
Is 11 a factor of 1844?
False
Does 4 divide 6068?
True
Is 18 a factor of 128?
False
Is 504 a multiple of 36?
True
Does 148 divide 3996?
True
Is 17 a factor of 19737?
True
Does 4 divide 851?
False
Does 27 divide 459?
True
Is 1057 a multiple of 114?
F